uppose 7 = 2*d + 3. Let l = 7 - d. What is the units digit of -5 - -3 - -2*l?
8
Suppose -5*s = 5*a + 20, -4*a + s = -s - 8. Suppose -2*y = -k - 13, -2*y + 4*k = -k - 1. Suppose a = -4*j + 16, 2*j = m - 2*j + y. What is the units digit of m?
8
Suppose 6*o = 2*o + 4*f - 88, -f = -2*o - 40. What is the tens digit of 2/9*-3*o?
1
Let y = 10 - 3. Suppose -v + y = 4*v - h, 23 = 4*v + 5*h. What is the units digit of v?
2
Let o = 80 + -44. Suppose 2*n = -0*n + o. What is the units digit of n?
8
What is the tens digit of (-3)/2 + (-188)/(-8)?
2
Let p(q) = -q**2 + 2*q - 9. Let i(l) = -l**2 - 1. Let n(g) = -2*i(g) + p(g). Suppose 0 = 4*m + 8, -2*m - 7 = 2*s + 7. What is the units digit of n(s)?
8
Let k be 55/4 + (-2)/(-8). Let c = k - 10. What is the units digit of c?
4
Let n = -12 + 6. Let x = 40 + n. What is the units digit of x?
4
Let o = 24 - -92. Let i be o/8 - (-1)/(-2). Suppose -5*a - r = 4*r - 40, i = 4*a - 5*r. What is the units digit of a?
6
Let t be ((-10)/(-6))/(4/12). Suppose -12 + t = -v. What is the units digit of v?
7
Let i = 51 + -1. What is the tens digit of i?
5
What is the units digit of 4 - (0 - 124) - 1?
7
Let v(p) = -p**3 - p**2 + 3*p - 4. Suppose d + 4*o + 3 = 0, d + 5*o = 2*o - 3. What is the units digit of v(d)?
5
Let u(d) = -d - 7. Let y be u(-7). Suppose y = -s + 6 + 3. What is the units digit of 3 + -1 + -2 + s?
9
Let z(o) = o**3 + 9*o**2 + 9*o + 9. Let a be z(-8). Suppose -4*g + 7 + a = 0. What is the units digit of g?
2
Let y(u) = 2 + 2*u + u**2 - 4 - 3 - 5*u. What is the units digit of y(5)?
5
Suppose m + 1 = -5*q + 2, -5*q = 4*m - 19. Let p = m + -7. Let c = p - -10. What is the units digit of c?
9
Let r = 6 + 0. Suppose -5*n + 6 = -l - 1, -4*n - r = 5*l. What is the units digit of 12 + (-3)/(l - -3)?
9
What is the units digit of (-2)/3*(-1)/2*3?
1
What is the tens digit of 1/((-5604)/1122 + 5)?
8
Let m be (18/6)/(1/5). Suppose z = t - 1, -8 = -2*t - 5*z + m. What is the units digit of t?
4
Let s(n) = n**2 + 5 - 8*n**3 + 7*n**3 + 0*n**2. Let z be s(0). Let m = z - -7. What is the tens digit of m?
1
Let c(f) = f**3 + 5*f - 2*f + f**2 - 6 + 5*f + 7*f**2. Let g = -12 - -6. What is the units digit of c(g)?
8
Suppose 4*q + 2*a - 20 = -0*a, -3*q + a + 5 = 0. Suppose -6 = -6*r + q*r. Suppose r*l - 11 = n, -5*l + n + 7 = -16. What is the units digit of l?
4
Suppose -3*z = -9*z. Suppose 2*y + 6 = z, o - 41 + 0 = 2*y. What is the tens digit of o?
3
Let x be 2 + 6*(-1 - 0). Let w = 1 + x. Let t = -2 - w. What is the units digit of t?
1
Let n(b) = 30*b + 12. What is the units digit of n(4)?
2
Let o(p) = p**2 + p + 2. Let h be o(-6). Suppose -3*m = -4*j + 8, -3*m - 6*j = -2*j - h. What is the units digit of m?
4
Suppose 8 - 100 = -4*c. What is the units digit of c?
3
Suppose 0 = -5*g + 2*q + 13, -5*g + 11 = -q - 3*q. Suppose 0*h - h + 11 = -5*l, h + 2*l = -g. What is the units digit of 2 - (-2)/1*h?
4
Let f(b) = b**3 - b - 15. Let d be f(0). Let q be 3/9 + d/(-9). What is the units digit of (6/q)/((-15)/(-40))?
8
Suppose -10*k = -50 - 420. What is the units digit of k?
7
Let s be 1/(-3) + (-88)/(-12). Let x = s - -3. What is the units digit of x?
0
Suppose 50 - 14 = c - 2*g, -2*g = -2*c + 72. What is the units digit of c?
6
Suppose -3*a = 6, 0*y - 5*y - 5*a = 100. Let m be -33 - (1 - 8/2). Let n = y - m. What is the tens digit of n?
1
Let l(m) = -m**2 - 6*m - 5. Let c(v) = -v**2 - 11*v - 4. Let p be c(-11). Let t be l(p). What is the tens digit of 10/t*3/1?
1
Let r(h) = -2*h**2 - 8*h - 3. Let x(c) = 15*c + 1 + 2*c**2 - 6*c + 2. Let b(f) = -6*r(f) - 5*x(f). What is the units digit of b(-2)?
5
Let j = -2 - -7. What is the units digit of (6/j)/((-6)/(-20))?
4
Let j(d) = 6*d + 1. Suppose -3*l - 13 = -25. What is the units digit of j(l)?
5
Let q(g) = g**2 - 7*g + 2. Let x be q(7). Let m be 1*(-4)/((-8)/18). Suppose 0 = -4*z + 4*s + 68, -2*z = x*s - 43 + m. What is the tens digit of z?
1
Let c(z) = 3*z**2 - z + 5. What is the units digit of c(3)?
9
Let s = -1 + 4. Suppose 0 = s*q + 2*q - 30. Let n = -4 + q. What is the units digit of n?
2
Suppose -12 = -5*u - 3*p, -3*p + 2*p - 4 = -u. Suppose -4*m + u*s + 35 = 0, -m - 4*m + s + 30 = 0. What is the units digit of m?
5
Let l = -39 + 83. Suppose 0 = -k - 3*k + l. What is the units digit of k?
1
Let m = -14 + 19. What is the units digit of m?
5
Let f(k) = -3*k**2 - 4*k + 8. Let d(u) = u**2 + u - 1. Let q(g) = -2*d(g) - f(g). What is the tens digit of q(-6)?
1
Let z = 22 + -11. What is the units digit of z?
1
Let i be (-1 + (-1)/(-2))*-4. Suppose i*t = 7*t - 40. Let s = 12 - t. What is the units digit of s?
4
Suppose 0 = -4*o + 111 + 45. What is the tens digit of o?
3
What is the units digit of -3 + ((-156)/(-3) - 3)?
6
Let d(q) = -q**2 + 6*q + 1. Let s be d(6). Let z = 2 + s. What is the units digit of z?
3
Suppose v - 39 = 4*l, -5*l = -3*l - 4. What is the tens digit of v?
4
Suppose 3*b - 129 = 216. What is the units digit of b?
5
Suppose 5*n + 165 = 5*b, -2*n = -2 - 2. What is the tens digit of b?
3
Let y = 11 + -7. Suppose -2*z + y*z = 6. Suppose z*c - 6 = c. What is the units digit of c?
3
Suppose 4 = 3*t - 2. Suppose -4*b + 122 = -t*b. Suppose -2*s - 4*v + 54 = 0, -4*s + s - v + b = 0. What is the tens digit of s?
1
Suppose 3*n - 13 = 2*n. Suppose -3*m + n = 5*h, h = 2*h - 2. What is the units digit of m?
1
Suppose -2*z - 4*s + 86 = 0, 4*s = 2*z + s - 65. What is the tens digit of z?
3
Let j(a) = 3*a**2 - 3*a + 2. Let o(v) = v**2 - 7*v + 4. Let h be o(6). Let s be 1/(h + 1) + 3. What is the units digit of j(s)?
8
Let f = -39 - -205. Suppose -b - b + f = 5*t, -178 = -5*t + 4*b. What is the units digit of t?
4
Let b = 8 + -2. Suppose 0*g - 4*f = 2*g - 16, 3*g + 6 = 4*f. Suppose -g = -4*u + b. What is the units digit of u?
2
Let n(p) = 3*p**3 + p**2 - 1. Let k(y) = -y - 3. Let l be k(-4). Let u be n(l). Let f = u - -2. What is the units digit of f?
5
Let k(r) = 20*r + 5. What is the tens digit of k(1)?
2
Let y = 17 - 13. What is the units digit of y?
4
Suppose 8*b + 41 = 1913. What is the tens digit of b?
3
Suppose 207 = 2*y - 3*d, -4*y = -3*y + 4*d - 109. What is the units digit of y?
5
Suppose 4*c = -11 - 1. What is the units digit of 0 + c + 18 + -5?
0
Let g be -1 - (-2 - -3) - -6. Suppose 16 = g*v - 0*v. What is the units digit of (5 - 0)*(-3 + v)?
5
What is the units digit of 3/(-3) - (0 - (0 - -80))?
9
Let y(u) = -3*u + 4. Let l = 2 - -2. Let t(b) = 4*b - 5. Let r(i) = l*t(i) + 5*y(i). What is the units digit of r(8)?
8
Suppose -l - 3*i - 27 = 0, -29 = 4*l + i + 24. What is the tens digit of (-298)/l - (-1)/6?
2
Let x(o) = -2*o - 1. Suppose -3*l + 22 = 5*c, 10 = -3*c + 4*c - 5*l. Suppose -4*p - c*r = 5, -4*r - 4 = -p - 21. What is the units digit of x(p)?
9
Let h be 0 - -1 - (2 - 1). Let q be h - (4 + -2) - -4. What is the units digit of ((-10)/(-3))/(q/6)?
0
Suppose -76 = -2*n - 4*o, 3*o - 98 = -5*n + 127. Suppose -5*h + n = -17. What is the tens digit of h?
1
What is the units digit of (-2 - -6)/4*43?
3
Let q be 6/15 - 696/(-10). Suppose -3*h - q = -8*h. What is the units digit of h?
4
Let a = 319 + -584. What is the tens digit of a*((-3)/(-1))/(-15)?
5
Let n(j) = -52*j**3 - 2*j - 1. What is the units digit of n(-1)?
3
Let b(c) = 7*c**3 - c + 1. Let r be 4/2*1/2. What is the units digit of b(r)?
7
Suppose -5*o + 2*f = -0*f - 1192, o - 5*f = 220. What is the tens digit of o?
4
Suppose 0*q + 3*q - 78 = 0. What is the tens digit of q?
2
Suppose -2*l - 81 = -n - 3*l, -4*l = 16. What is the units digit of n?
5
Suppose 12*c - 11*c - 70 = 0. What is the tens digit of c?
7
What is the units digit of (-2)/4*2/(-1)?
1
Let x = 1 + 2. Suppose 0 = -4*m + 5*t - 79, x*t - 5*t - 2 = 0. Let s = 36 + m. What is the tens digit of s?
1
Suppose -4*a = 3*q + a + 4, -q + 2 = 5*a. What is the tens digit of (-42)/q + 6/(-3)?
1
Suppose -4*c - 103 = -299. What is the units digit of c?
9
Let z = 82 + -14. Suppose z = 3*y + y. Let f = -6 + y. What is the tens digit of f?
1
Let q = 2 + 6. Suppose -4*v + 3*r + 42 = -43, 0 = -2*r + 10. Suppose 3*j = q*j - v. What is the units digit of j?
5
Suppose -2408 = -6*b - 410. What is the hundreds digit of b?
3
Suppose -g = -5*c - 47, -28 = -g - c + 49. What is the tens digit of g?
7
Let k = -232 - -473. What is the hundreds digit of k?
2
Let g be 21/28*8/3. Suppose 3 = 2